 8643*j + 25948. Give p(-3).
19
Let m(o) = 10070*o + 183898. Determine m(-18).
2638
Let c(o) = 7*o**3 - 68*o**2 + 129*o - 1255. What is c(10)?
235
Let j(c) = 38*c**2 - 4404*c - 502. Calculate j(116).
-38
Let q(a) = -2*a**3 + 96*a**2 + 13*a - 2. Give q(48).
622
Let w(i) = i**3 + 58*i**2 - 183*i - 3468. What is w(-60)?
312
Let w(n) = -n**3 + 409*n**2 + 1654*n - 13. Calculate w(-4).
-21
Let d(q) = 3*q**3 + 28*q**2 - 200*q + 10. Determine d(7).
1011
Let v(i) = 1126*i - 360286. Determine v(320).
34
Let i(u) = 16*u**3 - 63*u**2 + 93*u + 17. Calculate i(8).
4921
Let s(u) = -3*u**3 - 139*u**2 - 49*u - 25. What is s(-46)?
113
Let s(i) = -511*i**3 + 9*i**2 + i - 9. Calculate s(1).
-510
Let i(c) = c**3 + 3*c**2 - 402*c - 2301. What is i(-6)?
3
Let y(g) = -g**3 + 39*g**2 + 230*g - 10231. What is y(38)?
-47
Let x(c) = 2762*c - 27553. Give x(10).
67
Let f(l) = -20*l**3 - 138*l**2 + 58*l + 293. Determine f(-7).
-15
Let u(i) = -i**3 - 40*i**2 - 92*i + 353. What is u(-35)?
-2552
Let x(n) = -13*n**3 - 148*n**2 + 25*n + 593. Determine x(-11).
-287
Let d(f) = 5962*f + 53099. Determine d(-9).
-559
Let j(v) = -2*v**2 + 42504*v + 382612. Calculate j(-9).
-86
Let q(s) = 2*s**3 - 7*s**2 - 11*s + 25. What is q(-3)?
-59
Let b(o) = -346534*o + 4158407. Calculate b(12).
-1
Let j(m) = -9*m**3 - 881*m**2 + 917*m - 36. What is j(1)?
-9
Let b(u) = -295*u - 27463. Give b(-92).
-323
Let j(a) = -31*a**2 + 103*a + 4135. Determine j(-10).
5
Let a(x) = -80*x**3 + 5*x**2 - 30*x + 116. Give a(3).
-2089
Let g(d) = 1398*d + 2844. Give g(-1).
1446
Let v(k) = 1768*k - 29634. Give v(17).
422
Let k(h) = -50*h**2 - 4435*h - 7398. Determine k(-87).
-3
Let s(a) = 155*a + 16986. What is s(-109)?
91
Let d(g) = -2*g**3 + 1511*g**2 + 6851*g - 8363. Give d(760).
-3
Let b(a) = 4*a**3 + 149*a**2 - 97*a + 537. Give b(-38).
-109
Let z(x) = -x**3 - 56*x**2 - 2756*x - 142999. Calculate z(-54).
-7
Let f(k) = -151*k + 1556. Calculate f(6).
650
Let n(t) = -3*t**3 - 30*t**2 - 104*t + 4. Determine n(-7).
291
Let k(n) = 524*n - 2280. Calculate k(5).
340
Let h(v) = -3*v**3 - 30*v**2 - 786*v - 7069. Give h(-9).
-238
Let j(k) = -40032*k + 240248. What is j(6)?
56
Let s(w) = w**3 + 26*w**2 + 101*w - 268. What is s(-24)?
-1540
Let f(s) = -54*s**2 + 1428*s + 1672. Calculate f(28).
-680
Let t(z) = 533*z + 7296. Calculate t(-13).
367
Let p(s) = s**3 + 105*s**2 - 106*s + 23565. Calculate p(-108).
21
Let i(q) = -q**3 + 27*q**2 - 36*q - 73. Determine i(7).
655
Let c(v) = -6464*v + 3018701. What is c(467)?
13
Let y(z) = z**3 + 72*z**2 + 736*z + 52991. What is y(-72)?
-1
Let m(f) = -7659*f - 68660. Give m(-9).
271
Let p(l) = 259*l**2 + 290332*l - 7835. What is p(-1121)?
12
Let n(y) = 4828*y + 91722. Determine n(-19).
-10
Let o(m) = -1347*m - 154908. Determine o(-115).
-3
Let j(y) = 5021*y + 25314. Give j(-5).
209
Let b(f) = -f**2 + 1829*f - 102695. What is b(58)?
23
Let x(d) = -1426*d + 114052. Calculate x(80).
-28
Let x(b) = -29*b**3 + 16385*b**2 - 4*b + 2277. What is x(565)?
17
Let s(r) = -24553*r - 16033107. What is s(-653)?
2
Let n(c) = -5*c**2 - 708*c + 926. Determine n(-143).
-75
Let g(c) = 581*c**2 + 962*c + 960. Determine g(-1).
579
Let w(u) = -363*u - 15137. Give w(-42).
109
Let g(n) = 473*n - 2773. Determine g(9).
1484
Let x(g) = 3*g**2 + 3353*g - 167821. Give x(48).
35
Let o(k) = -3885*k - 19420. Give o(-5).
5
Let j(u) = u**3 - 268*u**2 + 4576*u - 1361. What is j(18)?
7
Let d(w) = -1622*w + 51908. Calculate d(32).
4
Let a(n) = 6*n**3 + 41*n**2 - 100*n + 25. What is a(2)?
37
Let c(o) = -7*o**2 + 729*o - 15155. Give c(20).
-3375
Let o(b) = -b**3 + 23740*b**2 - 379584*b - 6. Determine o(16).
-6
Let l(k) = k**3 - 110*k**2 + 236*k - 25949. What is l(110)?
11
Let k(h) = -15*h**2 - 1990*h + 526. Calculate k(-134).
-2154
Let g(s) = -157148*s + 157169. Calculate g(1).
21
Let g(z) = -30149*z + 120. What is g(0)?
120
Let v(d) = -3*d**3 - 1772*d**2 + 605*d + 8317. Calculate v(-591).
43
Let w(v) = -v**2 + 554*v - 66760. Calculate w(177).
-31
Let h(p) = -8792*p + 1186901. Determine h(135).
-19
Let j(f) = 71*f**2 + 52*f - 92. Give j(1).
31
Let k(a) = -7*a**2 - 761*a - 20030. What is k(-64)?
2
Let f(a) = -6*a**2 + 200*a - 1551. What is f(11)?
-77
Let v(l) = 3*l**3 - 103*l**2 - 1790*l + 60204. Calculate v(35).
4
Let k(x) = -x**3 + 121*x**2 - 23*x - 473. Give k(121).
-3256
Let i(y) = -111*y**3 - 4326*y**2 + 125*y + 292. Calculate i(-39).
-20
Let k(z) = -12*z**2 - 265*z + 50. Calculate k(-24).
-502
Let p(c) = -992*c - 73405. What is p(-74)?
3
Let t(c) = 14867*c + 579819. Determine t(-39).
6
Let q(o) = -7*o**2 - 98*o - 188. What is q(-11)?
43
Let r(w) = w**3 + 36*w**2 - 1543*w + 14. Determine r(25).
-436
Let r(o) = 34585*o + 12035573. What is r(-348)?
-7
Let g(o) = -o**2 - 156*o + 28266. Determine g(107).
125
Let m(u) = 286*u - 29257. Give m(110).
2203
Let r(t) = 5*t**3 - 966*t**2 - 665*t + 165592. Give r(193).
-2
Let l(o) = 632*o - 3106. Determine l(7).
1318
Let s(y) = -2*y**2 - 1949*y - 346005. What is s(-741)?
42
Let m(n) = 233*n**2 + 340*n - 13796. Give m(7).
1
Let h(p) = 2510*p - 24880. What is h(10)?
220
Let l(v) = v**3 - 12*v**2 - 42*v + 5. Calculate l(13).
-372
Let g(f) = -2*f**2 + 45*f - 324. Give g(9).
-81
Let b(h) = -h**3 - 24*h**2 - 34*h - 22. What is b(-22)?
-242
Let d(c) = 4041*c + 1818446. What is d(-450)?
-4
Let b(j) = 1987*j - 9740. Calculate b(5).
195
Let r(f) = -406*f + 5001. Give r(12).
129
Let r(o) = 21919*o - 1293121. Calculate r(59).
100
Let p(m) = -m**2 - 1978*m + 23883. Calculate p(12).
3
Let t(i) = 737604*i - 737611. Calculate t(1).
-7
Let u(y) = -5*y**2 - 1405*y - 98678. Determine u(-142).
12
Let o(p) = 29*p**2 - 24752*p - 74522. Determine o(-3).
-5
Let j(u) = u**2 + 207*u + 5992. What is j(-35)?
-28
Let j(h) = h**2 + 4095*h - 211440. Give j(51).
6
Let c(t) = 142099*t - 141815. What is c(1)?
284
Let p(i) = -3*i**3 - 94*i**2 + 56*i - 255. What is p(-32)?
1
Let i(z) = 442*z + 4413. What is i(-10)?
-7
Let w(m) = m**3 + m**2 - 75*m - 74. What is w(0)?
-74
Let r(d) = -14788*d + 295809. Determine r(20).
49
Let v(p) = -5*p**2 + 455*p + 7435. Calculate v(107).
-1125
Let z(w) = w**2 - 40698*w + 488230. Calculate z(12).
-2
Let j(x) = -4068*x + 24579. Calculate j(6).
171
Let l(z) = 2*z**3 + 10*z**2 - 575*z - 2902. Give l(-5).
-27
Let a(v) = 3*v**2 - 610*v - 92. Give a(203).
-295
Let o(q) = -q**2 - 12526*q + 5718498. What is o(441)?
51
Let q(o) = -682*o - 226403. Determine q(-332).
21
Let i(d) = -174*d + 31. What is i(-10)?
1771
Let a(n) = n**3 - 3*n**2 - 240619*n + 481244. Determine a(2).
2
Let i(l) = -3*l**2 + 153*l - 199. Calculate i(53).
-517
Let s(h) = 42445*h - 254669. Give s(6).
1
Let w(v) = 4*v**2 - 342*v - 132. Give w(12).
-3660
Let j(a) = 6*a**2 - 17651*a - 373410. Give j(-21).
-93
Let t(f) = -1512*f**2 + 42335*f + 49. What is t(28)?
21
Let o(u) = 19916*u - 119125. Determine o(6).
371
Let m(o) = -38816*o - 77639. Give m(-2).
-7
Let l(r) = 10296*r + 102964. Determine l(-10).
4
Let v(u) = -3*u**2 - 57252*u - 114498. Give v(-2).
-6
Let f(a) = a**3 + 5*a**2 - 728*a - 8566. Determine f(-20).
-6
Let d(n) = 12*n**2 - 47*n - 2327. Determine d(16).
-7
Let d(z) = -z**3 + 53*z**2 + 363*z - 21599. Determine d(52).
-19
Let o(d) = -2390*d**2 + 9533*d + 3. Give o(4).
-105
Let g(x) = x**3 - 7*x**2 - 983*x + 8490. Calculate g(-32).
10
Let u(z) = 2*z**3 + 1292*z**2 - 7839*z + 64. What is u(6)?
-26
Let l(y) = 2516*y - 472984. Give l(188).
24
Let b(f) = -f**3 - 11*f**2 + f - 1. What is b(9)?
-1612
Let r(m) = -46*m**2 - 267*m - 1289. Calculate r(-4).
-957
Let v(b) = -b**3 + 51*b**2 - 13*b + 19. Give v(51).
-644
Let m(v) = -2468*v + 372622. What is m(151)?
-46
Let t(b) = 3*b**2 - 181*b - 1636. Calculate t(66).
-514
Let o(l) = 139*l**2 + 8615*l + 76. Determine o(-62).
262
Let o(j) = 2*j**3 + 11*j**2 - 9*j - 1. Give o(-9).
-487
Let d(s) = 4*s**2 + 172*s + 19. Give d(-44).
195
Let x(d) = -6847*d - 61551. Calculate x(-9).
72
Let a(o) = -5*o**3 - 1612*o**2 - 547*o + 31237. Determine a(-322).
3
Let q(n) = -355*n**2 + 2841*n + 30. What is q(8)?
38
Let q(b) = -b**2 + 99097*b - 2476794. Determine q(25).
6
Let n(r) = -r**2 - 2822*r + 5635. Calculate n(2).
-13
Let w(i) = i**3 + 1015*i**2 - 4078*i + 2. Calculate w(4).
-6
Let i(s) = s**3 - 1223*s**2 + 93563*s - 1133. Determine i(1141).
8
Let d(u) = -2505*u**2 - 2489*u + 14. Give d(-1).